r of 564 and 180.
12
What is the greatest common factor of 152 and 3?
1
What is the highest common divisor of 728 and 56?
56
What is the greatest common factor of 112 and 14?
14
What is the greatest common divisor of 63 and 707?
7
Calculate the highest common divisor of 5901 and 63.
21
What is the greatest common factor of 2475 and 6325?
275
What is the highest common factor of 196 and 3724?
196
What is the greatest common divisor of 6688 and 19?
19
Calculate the highest common factor of 51 and 42551.
17
Calculate the greatest common divisor of 160 and 360.
40
What is the highest common divisor of 156 and 144?
12
What is the greatest common divisor of 2575 and 75?
25
What is the greatest common divisor of 100 and 25?
25
Calculate the highest common factor of 489 and 3586.
163
What is the highest common divisor of 6 and 33?
3
Calculate the highest common factor of 180 and 3900.
60
What is the greatest common factor of 722 and 912?
38
What is the highest common factor of 115 and 15?
5
What is the greatest common factor of 714 and 336?
42
What is the highest common divisor of 6 and 261?
3
Calculate the greatest common factor of 86 and 5762.
86
Calculate the highest common factor of 4552 and 16.
8
Calculate the highest common factor of 37100 and 140.
140
Calculate the highest common divisor of 287 and 1107.
41
Calculate the greatest common factor of 2 and 200.
2
Calculate the greatest common factor of 1736 and 496.
248
Calculate the highest common divisor of 12 and 1788.
12
What is the greatest common factor of 833 and 6307?
119
Calculate the highest common divisor of 252 and 532.
28
Calculate the greatest common divisor of 5 and 85.
5
What is the highest common factor of 1160 and 3335?
145
What is the greatest common divisor of 70 and 1330?
70
Calculate the highest common divisor of 411 and 137.
137
What is the greatest common factor of 231 and 21?
21
What is the highest common factor of 209 and 95?
19
What is the highest common divisor of 144 and 126?
18
What is the highest common divisor of 216 and 297?
27
Calculate the greatest common factor of 470 and 170.
10
What is the greatest common divisor of 530 and 4?
2
What is the greatest common factor of 856 and 107?
107
What is the greatest common factor of 306 and 442?
34
What is the greatest common divisor of 44924 and 44?
44
Calculate the greatest common factor of 15 and 12.
3
Calculate the greatest common divisor of 152 and 1273.
19
What is the greatest common factor of 23 and 92?
23
What is the highest common divisor of 534 and 138?
6
What is the greatest common factor of 85 and 65?
5
What is the greatest common divisor of 8 and 2204?
4
What is the greatest common factor of 12027 and 399?
57
What is the highest common factor of 200 and 6440?
40
What is the greatest common divisor of 1458 and 54?
54
What is the greatest common factor of 100 and 20?
20
Calculate the highest common divisor of 1104 and 48.
48
Calculate the highest common divisor of 40 and 40.
40
Calculate the greatest common divisor of 20 and 5360.
20
What is the greatest common factor of 33 and 69?
3
Calculate the greatest common divisor of 1204 and 1290.
86
What is the highest common factor of 24 and 366?
6
Calculate the highest common divisor of 120 and 680.
40
What is the highest common factor of 100 and 2300?
100
What is the greatest common factor of 60 and 150?
30
Calculate the highest common divisor of 119 and 14.
7
Calculate the greatest common factor of 256 and 6.
2
Calculate the highest common factor of 9222 and 636.
318
What is the highest common divisor of 2380 and 280?
140
What is the greatest common divisor of 12 and 108?
12
What is the highest common divisor of 28 and 16?
4
What is the highest common factor of 8650 and 100?
50
Calculate the highest common factor of 112 and 7.
7
What is the greatest common divisor of 1164 and 24?
12
What is the highest common factor of 3550 and 142?
142
Calculate the greatest common factor of 6438 and 348.
174
Calculate the highest common factor of 40 and 1280.
40
Calculate the greatest common divisor of 9 and 717.
3
Calculate the greatest common divisor of 1114 and 2.
2
What is the highest common divisor of 375 and 600?
75
What is the highest common factor of 15 and 1475?
5
What is the greatest common factor of 296 and 8?
8
Calculate the greatest common divisor of 484 and 154.
22
What is the greatest common divisor of 191 and 6876?
191
What is the greatest common divisor of 4 and 3?
1
Calculate the highest common divisor of 2623 and 43.
43
What is the highest common factor of 24 and 632?
8
Calculate the highest common divisor of 668 and 1837.
167
What is the highest common factor of 154 and 22?
22
What is the greatest common divisor of 10 and 1030?
10
Calculate the greatest common divisor of 1375 and 3025.
275
Calculate the greatest common factor of 1183 and 169.
169
Calculate the greatest common divisor of 31 and 3875.
31
What is the greatest common factor of 28 and 224?
28
What is the greatest common divisor of 169 and 13?
13
Calculate the greatest common divisor of 153 and 119.
17
What is the greatest common factor of 90 and 45?
45
What is the highest common factor of 225 and 171?
9
What is the highest common divisor of 6 and 1086?
6
What is the greatest common factor of 1215 and 480?
15
What is the highest common divisor of 20 and 5?
5
What is the greatest common divisor of 12 and 33?
3
What is the highest common divisor of 11 and 1408?
11
Calculate the greatest common factor of 990 and 225.
45
What is the highest common divisor of 84 and 276?
12
Calculate the highest common factor of 119 and 1717.
17
What is the greatest common divisor of 35203 and 329?
329
Calculate the greatest common divisor of 351 and 45.
9
Calculate the highest common divisor of 52 and 221.
13
Calculate the greatest common factor of 6 and 8958.
6
What is the highest common divisor of 206 and 4?
2
Calculate the highest common divisor of 5 and 1735.
5
What is the greatest common divisor of 129 and 129?
129
Calculate the highest common divisor of 405 and 225.
45
What is the greatest common divisor of 21 and 140?
7
Calculate the highest common factor of 185 and 5.
5
What is the greatest common factor of 56 and 244?
4
Calculate the highest common divisor of 814 and 148.
74
Calculate the highest common factor of 15 and 945.
15
What is the greatest common factor of 41 and 57?
1
Calculate the greatest common divisor of 490 and 25.
5
What is the highest common divisor of 72 and 6984?
72
What is the greatest common factor of 2156 and 1001?
77
Calculate the greatest common factor of 49 and 189.
7
Calculate the greatest common factor of 400 and 25.
25
What is the highest common factor of 3050 and 325?
25
What is the greatest common factor of 135 and 2235?
15
What is the highest common factor of 39 and 4173?
39
Calculate the greatest common factor of 7 and 15491.
7
Calculate the greatest common divisor of 14 and 371.
7
What is the greatest common factor of 40 and 380?
20
What is the greatest common factor of 60 and 48?
12
What is the greatest common factor of 2100 and 105?
105
Calculate the highest common divisor of 10 and 41110.
10
What is the greatest common divisor of 80 and 624?
16
Calculate the greatest common factor of 1342 and 61.
61
What is the highest common factor of 675 and 800?
25
Calculate the greatest common divisor of 10640 and 70.
70
What is the greatest common divisor of 147 and 231?
21
Calculate the highest common factor of 17 and 17.
17
Calculate the highest common factor of 55 and 1760.
55
What is the highest common divisor of 650 and 442?
26
What is the greatest common divisor of 250 and 40?
10
Calculate the greatest common divisor of 16 and 1576.
8
What is the highest common factor of 31 and 1116?
31
Calculate the greatest common factor of 165 and 220.
55
Calculate the highest common divisor of 168 and 252.
84
Calculate the greatest common divisor of 13 and 208.
13
What is the greatest common divisor of 95 and 171?
19
Calculate the greatest common factor of 88 and 396.
44
Calculate the highest common divisor of 351 and 247.
13
What is the greatest common factor of 189 and 54?
27
What is the highest common divisor of 31 and 1457?
31
Calculate the greatest common divisor of 474 and 456.
6
What 